{"id":107,"date":"2018-12-27T14:34:35","date_gmt":"2018-12-27T14:34:35","guid":{"rendered":"https:\/\/outdoorfreak.anders-web.de\/?page_id=107"},"modified":"2019-03-14T16:27:16","modified_gmt":"2019-03-14T16:27:16","slug":"abenteuer","status":"publish","type":"page","link":"https:\/\/outdoor.anders-web.de\/?page_id=107","title":{"rendered":"Abenteuer"},"content":{"rendered":"\n<p>Auf diesen Seiten m\u00f6chte ich ein wenig von meinen Reisen, Sportevents und pers\u00f6nlichen Herausforderungen (heute sagt man ja Challenges &#8230;) berichten. Da es sich zumeist um Abweichungen vom Alltagsleben handelt, will ich das mal unter dem Begriff &#8222;Abenteuer&#8220; zusammenfassen. Manches entspricht der althergebrachten Vorstellung von Abenteuern mehr, anderes weniger. Aber mich katapultieren all diese Unternehmungen meistens in meine Kinder- und Jugendjahre und ich f\u00fchle mich dann oft, wie damals, als wir als &#8222;Indianer&#8220; durch den Wald zogen um die &#8222;S\u00f6hne der gro\u00dfen B\u00e4rin&#8220; zu sein &#8230;<\/p>\n\n\n\n<p>In diesem Sinne, viel Spa\u00df beim&nbsp; Lesen und vielleicht ist ja die eine oder andere Anregung dabei,&nbsp;sich selbst auf abenteuerliche Pfade zu begeben. \ud83d\ude09<\/p>\n","protected":false},"excerpt":{"rendered":"<p>Auf diesen Seiten m\u00f6chte ich ein wenig von meinen Reisen, Sportevents und pers\u00f6nlichen Herausforderungen (heute sagt man ja Challenges &#8230;) berichten. Da es sich zumeist um Abweichungen vom Alltagsleben handelt, will ich das mal unter dem Begriff &#8222;Abenteuer&#8220; zusammenfassen. Manches entspricht der althergebrachten Vorstellung von Abenteuern mehr, anderes weniger. Aber mich katapultieren all diese Unternehmungen&hellip;<\/p>\n","protected":false},"author":3,"featured_media":108,"parent":0,"menu_order":0,"comment_status":"closed","ping_status":"closed","template":"","meta":{"footnotes":""},"_links":{"self":[{"href":"https:\/\/outdoor.anders-web.de\/index.php?rest_route=\/wp\/v2\/pages\/107"}],"collection":[{"href":"https:\/\/outdoor.anders-web.de\/index.php?rest_route=\/wp\/v2\/pages"}],"about":[{"href":"https:\/\/outdoor.anders-web.de\/index.php?rest_route=\/wp\/v2\/types\/page"}],"author":[{"embeddable":true,"href":"https:\/\/outdoor.anders-web.de\/index.php?rest_route=\/wp\/v2\/users\/3"}],"replies":[{"embeddable":true,"href":"https:\/\/outdoor.anders-web.de\/index.php?rest_route=%2Fwp%2Fv2%2Fcomments&post=107"}],"version-history":[{"count":1,"href":"https:\/\/outdoor.anders-web.de\/index.php?rest_route=\/wp\/v2\/pages\/107\/revisions"}],"predecessor-version":[{"id":109,"href":"https:\/\/outdoor.anders-web.de\/index.php?rest_route=\/wp\/v2\/pages\/107\/revisions\/109"}],"wp:featuredmedia":[{"embeddable":true,"href":"https:\/\/outdoor.anders-web.de\/index.php?rest_route=\/wp\/v2\/media\/108"}],"wp:attachment":[{"href":"https:\/\/outdoor.anders-web.de\/index.php?rest_route=%2Fwp%2Fv2%2Fmedia&parent=107"}],"curies":[{"name":"wp","href":"https:\/\/api.w.org\/{rel}","templated":true}]}}